test common factor of 969776 and 2048.
16
Calculate the greatest common divisor of 19194 and 209008950.
2742
What is the highest common divisor of 7582782 and 1836?
102
Calculate the greatest common factor of 39 and 188755866.
39
Calculate the greatest common factor of 33630881 and 7884.
73
What is the greatest common factor of 7130 and 21312283?
713
Calculate the greatest common factor of 568845009 and 9.
9
What is the greatest common factor of 41 and 263920280?
41
What is the highest common divisor of 2586 and 190147718?
862
Calculate the highest common factor of 864 and 4348620.
108
Calculate the highest common divisor of 5186875 and 1351.
193
What is the greatest common factor of 3434 and 4884562?
202
What is the greatest common factor of 37017389 and 8013?
2671
What is the greatest common divisor of 17661 and 11769534?
609
Calculate the greatest common divisor of 156 and 7680556.
52
Calculate the greatest common divisor of 1186803 and 16137.
1467
What is the highest common divisor of 629382 and 5538?
78
Calculate the highest common factor of 9898 and 310660.
98
What is the greatest common factor of 7433488 and 544?
272
What is the greatest common factor of 322 and 151858?
14
What is the greatest common divisor of 147167 and 83309?
367
Calculate the highest common factor of 151169 and 5.
1
What is the greatest common divisor of 21393224 and 124?
124
What is the greatest common divisor of 3029 and 1175927467?
3029
What is the highest common divisor of 1638 and 459934020?
1638
Calculate the highest common factor of 5328 and 193723416.
2664
Calculate the highest common divisor of 76180 and 6812.
52
What is the greatest common divisor of 2170562 and 1537?
53
What is the greatest common divisor of 3251668 and 56?
28
What is the highest common factor of 3642 and 10331140?
1214
What is the highest common divisor of 12321 and 262557?
9
Calculate the highest common divisor of 25769095 and 165.
55
What is the greatest common factor of 1162609 and 4955594?
2149
Calculate the greatest common factor of 2883914 and 2102254.
4114
Calculate the highest common factor of 1166350 and 18300.
50
What is the highest common factor of 9858 and 694772?
62
What is the greatest common factor of 120 and 1169220320?
40
What is the highest common divisor of 13699034 and 68746?
1858
Calculate the greatest common factor of 282793 and 83851.
71
What is the greatest common divisor of 5759994 and 44367?
1929
What is the greatest common divisor of 283124 and 481?
37
Calculate the highest common divisor of 1089 and 112250127.
363
Calculate the highest common factor of 1414335 and 12480.
195
Calculate the highest common divisor of 45903 and 322498.
1177
Calculate the highest common factor of 667594675 and 25.
25
Calculate the greatest common divisor of 8229013 and 4771.
13
What is the highest common factor of 62714332 and 5091?
1697
What is the highest common factor of 91011561 and 7265?
1453
What is the greatest common divisor of 50964 and 14385?
411
What is the highest common factor of 575 and 6011875?
25
What is the highest common factor of 13662 and 4052646?
1242
What is the greatest common factor of 3327 and 26309916?
3327
Calculate the greatest common factor of 9401203 and 28.
7
Calculate the greatest common factor of 46 and 4272332.
2
Calculate the greatest common factor of 31024 and 54668720.
4432
What is the highest common factor of 970026 and 16758?
114
What is the highest common factor of 5168286 and 141642?
3294
What is the highest common factor of 91 and 48440860?
13
What is the greatest common factor of 5896560 and 827920?
6320
What is the greatest common divisor of 4275 and 106191?
171
What is the greatest common divisor of 5815050 and 5250?
150
Calculate the highest common divisor of 186098 and 248050.
242
What is the highest common divisor of 121386012 and 132?
132
What is the greatest common divisor of 1308631577 and 4477?
4477
Calculate the greatest common divisor of 41804 and 3430.
14
Calculate the greatest common divisor of 2790 and 47337.
93
What is the greatest common divisor of 467166 and 16758?
294
Calculate the greatest common divisor of 16 and 6565456.
16
Calculate the greatest common divisor of 22941219 and 147.
21
What is the highest common divisor of 68696572 and 336?
28
Calculate the greatest common factor of 125900 and 83500.
100
What is the greatest common divisor of 1266988 and 116?
4
Calculate the greatest common divisor of 242426 and 14194.
94
What is the greatest common factor of 658304 and 16402?
278
What is the greatest common divisor of 102047890 and 2?
2
Calculate the highest common divisor of 2080 and 59944560.
1040
What is the highest common factor of 24 and 190930456?
8
Calculate the highest common divisor of 827175 and 2025.
75
Calculate the greatest common factor of 15411 and 139425.
33
What is the greatest common factor of 50782125 and 255?
15
What is the highest common divisor of 2967 and 7626179?
989
What is the greatest common divisor of 142927 and 34921?
47
Calculate the greatest common divisor of 23985 and 66379820.
2665
What is the greatest common divisor of 5984 and 22624?
32
Calculate the highest common divisor of 58 and 111346834.
58
Calculate the greatest common factor of 30177627 and 639.
213
Calculate the highest common factor of 12 and 3917469.
3
Calculate the highest common divisor of 76038 and 372462.
138
What is the highest common divisor of 9725 and 9592351?
389
What is the highest common factor of 2013 and 18326319?
33
What is the highest common factor of 182 and 297556924?
14
Calculate the highest common factor of 1 and 19608815.
1
What is the greatest common factor of 83 and 22079?
1
Calculate the highest common divisor of 2335 and 164945.
5
Calculate the highest common divisor of 420125 and 1872077.
3361
Calculate the greatest common divisor of 4970 and 62420715.
2485
Calculate the greatest common divisor of 228 and 2387472.
12
What is the highest common divisor of 5550 and 6266394?
222
What is the highest common factor of 3978 and 651933?
153
What is the greatest common divisor of 2040 and 1606398?
102
Calculate the highest common divisor of 134243638 and 2.
2
Calculate the greatest common factor of 5476684 and 15036.
716
What is the greatest common divisor of 3099644 and 3462?
1154
What is the greatest common divisor of 62501 and 58?
1
What is the highest common factor of 11592963 and 204?
51
Calculate the highest common factor of 742 and 470363446.
742
Calculate the highest common divisor of 3682548 and 288.
36
Calculate the highest common factor of 178432 and 112256.
128
Calculate the greatest common factor of 656 and 2121912.
8
Calculate the greatest common divisor of 885582313 and 77.
77
Calculate the greatest common divisor of 12687954 and 34614.
3846
What is the greatest common factor of 21 and 1758057?
21
What is the highest common divisor of 25654510 and 967?
967
What is the greatest common divisor of 4321146 and 2872087?
8677
Calculate the highest common divisor of 311334199 and 11.
11
What is the highest common divisor of 16 and 26240848?
16
Calculate the greatest common factor of 12904110 and 1539.
81
What is the highest common factor of 502203 and 21093?
237
What is the highest common factor of 64 and 9639712?
32
What is the highest common divisor of 21 and 3996093?
3
Calculate the highest common divisor of 132 and 25939908.
12
What is the greatest common divisor of 1205 and 7623312?
241
What is the highest common factor of 6766815 and 10230?
165
What is the highest common divisor of 73410120 and 7560?
2520
What is the greatest common divisor of 2059175034 and 14?
14
Calculate the greatest common divisor of 55 and 3093290255.
55
What is the greatest common factor of 18 and 685297566?
18
Calculate the highest common divisor of 22861828 and 1892.
44
Calculate the greatest common factor of 1791631 and 92.
23
What is the greatest common divisor of 1538098624 and 32?
32
What is the greatest common factor of 22688028 and 94?
94
What is the greatest common factor of 48499750 and 225?
25
Calculate the greatest common divisor of 19442399 and 202.
101
What is the greatest common divisor of 158101688 and 8?
8
Calculate the greatest common factor of 666 and 178118.
74
Calculate the highest common factor